 (base 6) to base 2
1100001100101001
6603654 (base 9) to base 16
361a3e
10c0098 (base 13) to base 9
10648403
Convert -3240322 (base 5) to base 3.
-2211102102
-140904 (base 10) to base 11
-96955
What is 22000211210 (base 3) in base 16?
2697f
-b3a515 (base 14) to base 13
-1342269
What is -4050034 (base 7) in base 12?
-1b336a
Convert -31223224 (base 6) to base 13.
-25910b
What is -52717 (base 10) in base 8?
-146755
Convert -323011003 (base 4) to base 8.
-730503
Convert -13203123 (base 5) to base 13.
-47c0c
Convert ceffe (base 16) to base 5.
204112440
What is -957919 (base 10) in base 2?
-11101001110111011111
What is -120026 (base 13) in base 16?
-6899f
What is -213231121 (base 5) in base 10?
-914536
Convert -1402410331 (base 5) to base 9.
-6625466
Convert 21153240 (base 6) to base 2.
10010111101111011000
-46541465 (base 7) to base 8
-17474523
Convert -1305655 (base 7) to base 4.
-221202013
Convert -11001110110001010101 (base 2) to base 11.
-52934a
What is -10263126 (base 9) in base 6?
-253534553
507712 (base 8) to base 3
22112021212
757437 (base 8) to base 14
68675
26014165 (base 7) to base 10
2356849
1055061 (base 7) to base 10
131412
4509c (base 13) to base 10
125358
What is 13223320113 (base 4) in base 8?
7537027
What is 1034352 (base 9) in base 12?
228962
Convert 184288 (base 9) to base 3.
12211022222
Convert 100000001110010100 (base 2) to base 13.
480cc
Convert 123300130 (base 4) to base 16.
1bc1c
What is -1434147 (base 9) in base 5?
-200242420
Convert 49a48 (base 11) to base 16.
1187d
What is 35202 (base 6) in base 8?
11662
What is 906494 (base 13) in base 15?
4643cb
Convert -12231031233 (base 4) to base 5.
-422224223
Convert -642640 (base 13) to base 3.
-11102021010001
Convert -177452 (base 11) to base 14.
-718c4
What is -1313310 (base 6) in base 4?
-101211222
What is 423004333 (base 5) in base 8?
6571512
21544040 (base 6) to base 8
2370330
What is 5c5a42 (base 13) in base 8?
10340126
What is 200033121 (base 4) in base 16?
203d9
-2700421 (base 9) to base 2
-101101000011111011000
What is -11d30d (base 16) in base 3?
-2012100101111
Convert -12243001031 (base 5) to base 3.
-1000212120010100
What is -32215152 (base 7) in base 5?
-1200244433
Convert aa6595 (base 14) to base 7.
100062145
4a115 (base 11) to base 4
101211023
What is -323532 (base 9) in base 2?
-101111000101111010
-11001101022 (base 3) to base 5
-10022424
11011100101100110111 (base 2) to base 14
19762b
What is c91d58 (base 16) in base 3?
220210121220100
103122444 (base 5) to base 16
6bf89
What is 242230 (base 7) in base 9?
66344
What is 2387a6 (base 12) in base 6?
20153130
What is ccbd92 (base 14) in base 13?
15934b7
-2233332122 (base 4) to base 5
-141031134
-46536041 (base 7) to base 16
-3e75cf
What is -2ca8b (base 13) in base 16?
-14d2b
Convert -82a (base 16) to base 10.
-2090
-1030401214 (base 5) to base 11
-1273038
What is 101202240 (base 5) in base 3?
202222021122
1766075 (base 10) to base 5
423003300
Convert 2032105 (base 8) to base 11.
337a60
Convert -340411033 (base 5) to base 13.
-4058a4
-6366 (base 7) to base 14
-b6d
-2455703 (base 11) to base 4
-100102000010
-441010 (base 7) to base 11
-52a96
20010201110 (base 3) to base 9
203643
What is -19539 (base 13) in base 6?
-1015523
What is 556681 (base 10) in base 9?
1037554
What is 152541 (base 8) in base 13?
1bb2c
Convert -b7b6a (base 12) to base 15.
-4b9dd
11550a (base 12) to base 16
4419a
What is -1694b79 (base 12) in base 3?
-22210110210010
984657 (base 13) to base 2
1101101010000001011111
Convert -10111110110001010111011 (base 2) to base 16.
-5f62bb
24224113 (base 8) to base 7
63131335
What is -264841 (base 11) in base 13?
-11762c
Convert 287264 (base 10) to base 7.
2304335
-4350116 (base 8) to base 3
-2012022102110
Convert -1891385 (base 11) to base 13.
-87a77a
Convert 10533642 (base 8) to base 13.
6187c0
110010011100210 (base 3) to base 8
30441141
-79610 (base 12) to base 3
-22012122110
What is -2304200101 (base 5) in base 14?
-97d99b
Convert -21113223 (base 6) to base 13.
-1876c5
Convert -220322232 (base 4) to base 5.
-20330343
What is 1060215 (base 8) in base 5?
33134421
Convert -8f82a (base 16) to base 8.
-2174052
67bb (base 15) to base 6
245505
1856344 (base 12) to base 2
10011011010111101100100
-640125 (base 7) to base 4
-122332302
-23564 (base 8) to base 10
-10100
What is -4832726 (base 10) in base 3?
-100002112020212
What is -11101111000111101 (base 2) in base 14?
-3288d
What is -2415705 (base 9) in base 3?
-2110112210012
Convert 25b54b (base 13) to base 12.
37aa82
Convert -451666 (base 8) to base 14.
-3d810
What is -172544 (base 9) in base 2?
-11010000101111111
What is -303201112 (base 4) in base 10?
-211030
Convert -738034 (base 11) to base 13.
-324cb5
-11001010001101101000110 (base 2) to base 12
-2276686
What is 472628 (base 9) in base 8?
1052675
What is -18803 (base 15) in base 2?
-10011011001000100
Convert 1124324234 (base 5) to base 2.
1001110100010101111110
2420423332 (base 5) to base 15
765d2c
-111869 (base 13) to base 11
-25616a
Convert -2452231 (base 6) to base 4.
-200011123
Convert -218340 (base 9) to base 15.
-28b30
Convert 241a5a (base 14) to base 3.
2022200212021
Convert 3010250 (base 7) to base 14.
93797
142cf7 (base 16) to base 4
11002303313
-255562 (base 8) to base 13
-31640
9627634 (base 10) to base 7
144555622
What is 132111313013 (base 4) in base 8?
36256707
Convert -12434651 (base 9) to base 13.
-1359b41
Convert -106143 (base 11) to base 12.
-81b05
What is -10000100001111000001 (base 2) in base 7?
-4414051
Convert 3022213001 (base 4) to base 16.
ca9c1
What is -10000000021 (base 4) in base 9?
-1867344
Convert -555c54 (base 16) to base 10.
-5594196
What is 211310000 (base 4) in base 3?
21212110022
What is -180748 (base 9) in base 7?
-644651
Convert -44331135 (base 7) to base 8.
-16452332
What is 1110000001011010 (base 2) in base 13?
201b0
3215445 (base 6) to base 7
1225562
What is 12732531 (base 8) in base 2?
1010111011010101011001
Convert 111122101001 (base 3) to base 7.
2165632
What is 2a69e (base 15) in base 11?
93610
1399aa (base 14) to base 3
1021112100102
Convert 2021222001 (base 4) to base 8.
2115201
Convert 4360754 (base 8) to base 11.
730558
What is 1416b85 (base 12) in base 6?
222011445
Convert 201944 (base 13) to base 5.
142340420
11131 (base 15) to base 5
3214041
Convert 1955445 (base 12) to base 15.
706b4b
-2540 (base 16) to base 4
-2111000
-13442010 (base 5) to base 3
-21010101122
What is 94072 (base 13) in base 6?
5411054
4663707 (base 8) to base 6
43131423
42365 (base 10) to base 9
64102
What is 13ca867 (base 13) in base 3?
102212102100012
-2103043 (base 5) to base 7
-203244
What is 1000100010010100101 (base 2) in base 11?
181179
-345132 (base 6) to base 3
-1111200002
Convert -dcb716 (base 15) to base 16.
-a07e50
120022020121 (base 3) to base 16
498c7
108231 (base 9) to base 7
360466
-352013520 (base 6) to base 15
-890ed6
Convert 148659 (base 11) to base 15.
486d8
What is -1000212001212 (base 3) in base 13?
-162719
37578b (base 13) to base 4
11003300021
What is 331105521 (base 6) in base 7?
101304226
-101011110011010 (base 2) to base 14
-825c
What is -a56538 (base 13) in base 3?
-21021121101021
Convert -c1b56 (base 15) to base 11.
-389975
29877 (base 15) to base 11
91368
47574 (base 10) to base 16
b9d6
-22633 (base 12) to base 6
-552103
Convert 2a47a63 (base 11) to base 3.
100211100022202
What is -2346642 (base 9) in base 11?
-799060
11004322 (base 6) to base 10
327578
What is -5013242 (base 7) in base 13?
-1794a4
Convert 1100000110010100 (base 2) to base 14.
140ba
-21304 (base 15) to base 12
-50b34
What is 13503747 (base 10) in base 8?
63406403
2663600 (base 8) to base 5
142404032
242040343 (base 5) to base 4
10103102232
What is -13423000 (base 5) in base 12?
-68619
What is b42cc (base 14) in base 10?
434124
What is 117a4b0 (base 13) in base 2?
10100101011011100010010
Convert 3442343 (base 6) to base 12.
863b3
56026 (base 8) to base 15
6eb9
Convert b198c (base 13) to base 4.
1031220311
-3100212 (base 4) to base 10
-13350
-18624 (base 10) to base 8
-44300
Convert 5336 (base 16) to base 3.
1002012222
-1100101312 (base 4) to base 2
-1010000010001110110
-1340811 (base 10) to base 12
-547b23
-1211342423 (base 5) to base 8
-12653453
Convert -101320012 (base 4) to base 13.
-27436
